 30 = -5*c. Let b(h) = 4*h + 1. Calculate the remainder when 83 is divided by b(c).
15
Suppose 5*i - 4*x = -8, -6 - 2 = 4*i - 4*x. Suppose -5*u + 100 = -r, 4*u + i*r = -3*r + 99. What is the remainder when 40 is divided by u?
19
Let p(c) be the second derivative of c**3/2 - 11*c**2/2 - c. Calculate the remainder when 14 is divided by p(5).
2
Let b = -5 - -9. Suppose -5*c + 127 = -v, 0*v - 5*v - 89 = -b*c. Let r = c + -13. Calculate the remainder when r is divided by 7.
6
Let g(p) = 9*p + 5. Let z = -2 - -15. Calculate the remainder when g(2) is divided by z.
10
Suppose -5*d = -50 - 85. Calculate the remainder when d is divided by (-6)/(-21) + (-192)/(-14).
13
Let v(h) = -h**2 - 16*h - 40. What is the remainder when 53 is divided by v(-10)?
13
Suppose 33 = 3*i - 2*a, 68 = 3*i + 2*i + a. Suppose -15 = 6*j - j, 3*h = 2*j + 78. What is the remainder when h is divided by i?
11
Suppose 0 = 5*f - 2*q - 30, 2*f - 17 = -f + q. Calculate the remainder when 9 is divided by f.
1
Let i(g) = 2*g**2 + 11*g + 18. Calculate the remainder when 1 + 1 - 1 - -50 is divided by i(-5).
12
Let n be 2/12 + (-58)/(-12). Suppose -m - 2*v = -27, 42 = 3*m + n*v - 35. What is the remainder when m is divided by 11?
8
Let r be ((-27)/(-6))/(12/(-16)). Let l = r - -16. Calculate the remainder when 28 is divided by l.
8
Suppose 8*q = 4*q + 3*t - 47, 5*q + 3*t + 79 = 0. Let o = q + 23. Calculate the remainder when 35 is divided by o.
8
Suppose -y = -5*y - 12, -4*y + 36 = -4*o. Calculate the remainder when -1*6*30/o is divided by 6.
3
Let z be 4*2 + (0 - 0). Let o be (1 - 2)*(2 - 3). Let r = z + o. What is the remainder when 25 is divided by r?
7
Let s = -57 - -39. Calculate the remainder when (-806)/s - (-10)/45 is divided by 23.
22
Let f = -14 - -27. What is the remainder when f is divided by 8?
5
Let x(c) = -4*c + 3. Let w = 12 - 6. Calculate the remainder when x(-5) is divided by w/15 - 58/(-5).
11
Suppose 0*j + 68 = 2*j. What is the remainder when j is divided by 12?
10
Suppose -a + 2*a - 20 = 0. Let h be ((-27)/(-2))/((-2)/(-16)). Suppose 147 = 4*z - 3*q, -3*q = z - 4*z + h. Calculate the remainder when z is divided by a.
19
Suppose 0 = -4*i + i. Suppose 3*z - z = -4*p + 2, i = 5*p. Suppose -t = -0*t - 4*h - 34, 0 = -t - 3*h - z. What is the remainder when 25 is divided by t?
11
Let v = -45 + 83. What is the remainder when v is divided by 10?
8
Let p be (-228)/14 + (-6)/(-21). Let g = p - -33. What is the remainder when g is divided by -6*(2 - (2 + 1))?
5
Let z(i) = i**2 - 4*i + 9. Calculate the remainder when z(4) is divided by 4.
1
Let g = -70 + 88. What is the remainder when g is divided by 5?
3
Suppose -l + 1088 = -5*l. Calculate the remainder when ((-9)/6)/(12/l) is divided by 12.
10
Let w(p) = -42*p + 6. Let q be w(-7). Let f be q/(-18)*(-6)/4. Let l = f + -11. Calculate the remainder when l is divided by 5.
4
Let d be -1*-2*1*1. Suppose -47 = -4*m - r, 0 = d*m + 3*m + 3*r - 50. Let x(t) = -t**2 - 6*t. What is the remainder when m is divided by x(-5)?
3
What is the remainder when 1656/60 - ((-14)/10 - -1) is divided by 8?
4
Calculate the remainder when 217/5 - ((-84)/(-35))/6 is divided by 2/3 + (-43)/(-3).
13
Suppose -5*m - 4*f = f - 30, f - 18 = -3*m. Let v = 243 + -234. Calculate the remainder when v is divided by m.
3
Let x be 4/(-18) + 40/18. Suppose -g - 17 - 1 = -2*m, -x*g + 34 = 3*m. What is the remainder when 38 is divided by m?
8
Let f(z) = -z**2 + 11*z - 3. Calculate the remainder when f(6) is divided by 15 + -2 + -3 + 0.
7
Suppose -6*r + 64 = -2*r. What is the remainder when r is divided by (-176)/(-28) - 2/7?
4
Let x be -6*(-2 - 24/(-9)). Let n be (-2)/(-3*x/(-18)). Suppose -3*m + 128 = -t, 0*m - 5*m + 208 = -n*t. Calculate the remainder when m is divided by 15.
14
Let k(f) = -f**2 - 11*f - 19. What is the remainder when 19 is divided by k(-8)?
4
Calculate the remainder when 41 is divided by 33/(-6)*(4 - 8).
19
Let u(w) = -w**2 + w + 5. Let j be u(0). Let q = 16 - j. Calculate the remainder when q is divided by 6.
5
Let v(u) = 3*u - 2. Let f be v(-4). Let d = 20 + f. What is the remainder when 16 is divided by d?
4
Let p = 13 - 26. Let d = 5 + p. Calculate the remainder when 57 is divided by -45*(d/6 - -1).
12
Suppose -8 = -p - 0*x + x, -4*p + 3*x = -31. Calculate the remainder when 5*2*((-45)/18 - -5) is divided by p.
4
Suppose s + 3*s - 17 = m, 2*s = -4*m - 14. Calculate the remainder when 13 is divided by s.
1
Calculate the remainder when 16/(-72) + (-47)/(-9) is divided by 4.
1
Let d = -6 + 4. Let m = 7 - d. Suppose -z = -23 - m. Calculate the remainder when z is divided by 17.
15
Let i = -50 - -93. Calculate the remainder when i is divided by 22.
21
Let d = 75 + -52. What is the remainder when 45 is divided by d?
22
Let w = 29 - 6. What is the remainder when w is divided by 6?
5
Let m = 52 + -26. What is the remainder when 76 is divided by m?
24
Let b(u) = -4*u - 3. Suppose q + 2 = 2*q. Calculate the remainder when (-7)/((-7)/q + 3) is divided by b(-2).
4
Let p be 8 + (-1 - -1) + 1. Let z = -92 - -129. What is the remainder when z is divided by 115/p + (-6)/(-27)?
11
Let f = 69 + -62. Calculate the remainder when 110/6 + 1/(-3) is divided by f.
4
Let l(m) = -13*m - 4. Let w be l(-3). Suppose 0 = 4*h - 81 - w. Calculate the remainder when h is divided by 15.
14
Calculate the remainder when (-142)/(5/(10/(-4))) is divided by 24.
23
Let q = 3 + 3. Suppose -2*g + 27 = -6*g + 5*u, 3*u = 9. What is the remainder when (-53)/g - 4/q is divided by 9?
8
Calculate the remainder when (-12 - (-5 - -3))*-1 is divided by 5.
0
Suppose 8 = 2*k, 0 = 2*p - 3*k - 0*k - 34. Calculate the remainder when p is divided by 5.
3
Let y be (0 + -15)*48/10. Let d be y/(-60)*(-10)/(-3). Suppose -5*m - 65 = -d*p, 3*m = -0*p + 2*p - 35. What is the remainder when 28 is divided by p?
8
Calculate the remainder when 4/(-6) - 125/(-3) is divided by 4/18 - (-248)/18.
13
Suppose -4*h + 8 = -4. Suppose -220 = -3*w + 5*y, w - 50 = -0*w - h*y. Suppose 2*m = -3*m + w. What is the remainder when 23 is divided by m?
10
Let l(o) be the second derivative of 1/12*o**4 - 1/6*o**3 + 0 + 21/2*o**2 - o. Calculate the remainder when l(0) is divided by 12.
9
Let t(n) = n**2 - 3*n + 1. Suppose 25 = 5*j - 10. Let o = j + -3. Calculate the remainder when t(o) is divided by 2.
1
Let i be ((0 - -1) + 0)*-1. Suppose 2*y + 2 = 4*l, 4 = 5*l + y - 2*y. Let p = l - i. Calculate the remainder when 4 is divided by p.
0
Suppose 30 = r + r. Calculate the remainder when 2/6*(5 + 124) is divided by r.
13
Suppose 0 = -3*c + z + 42, 3*c + z - 63 = -c. Suppose k + 7 = 3, 0 = -2*j + 5*k + 106. Calculate the remainder when j is divided by c.
13
Let s(g) = -13*g**2 + 23*g**2 - 1 + 20*g**2. Let i be s(1). Suppose i = -0*f + f. Calculate the remainder when f is divided by 8.
5
Let v = 28 - 20. Suppose -5 = -4*c + 7. What is the remainder when v is divided by c?
2
Suppose -2*t + 2 = 3*b - 2, -28 = -2*t + 3*b. Let f = 37 + -21. Suppose -4*h = -f, 34 = -0*s + 2*s - 2*h. Calculate the remainder when s is divided by t.
5
Suppose -2*f + 3*p = -2, -4*f - 5*p = -0*p - 48. Suppose 0*s + 12 = 3*s. Calculate the remainder when f is divided by s.
3
Let k = -37 + 54. Calculate the remainder when 33 is divided by k.
16
Let y(r) = 5*r - 1. Let o(u) be the second derivative of u**5/20 - u**4/3 - 2*u**3/3 - 4*u**2 - u. What is the remainder when o(6) is divided by y(3)?
12
Suppose 0 = -5*h + 3*z - 13 - 4, 2*h + 18 = 4*z. Let s(g) = g**3 - 8*g**2 + 8*g + 5. What is the remainder when 2 - (1 - h) - -35 is divided by s(7)?
11
Let q(x) = -x + 2. Let h(b) be the second derivative of -4*b**5/5 - b**4/12 + 8*b. What is the remainder when h(-1) is divided by q(-4)?
3
Let s = -16 - -13. What is the remainder when 14 is divided by (2/4)/(s/(-54))?
5
Let i be 124/6 - 8/(-24). Suppose -2*q + 47 = -i. Let a = -12 + 30. Calculate the remainder when q is divided by a.
16
Suppose 4*z - 7*n - 5 = -2*n, z + 5*n + 5 = 0. Calculate the remainder when 23 is divided by z/3 + 16 + -3.
10
Let s = -5 - -10. Let c = 18 - s. Calculate the remainder when 25 is divided by c.
12
Let y = 68 - 8. What is the remainder when y is divided by 21?
18
Let d(b) = 2*b**3 - 7*b**2 + 5*b - 1. Let a(p) = -9*p. Let x be a(-4). Suppose 5*t = 2*t + x. What is the remainder when d(4) 